7 + 34. Let k be (135/20)/((-9)/24). Let s = k + q. What is the greatest common factor of s and 81?
9
Let i be (-6)/8*40/(-15). Suppose i*n - 7 = -3. Let w be -1 + 1 - n*-66. What is the greatest common divisor of w and 12?
12
Suppose -29*k + 2816 = -25*k. Calculate the greatest common divisor of k and 88.
88
Suppose -5*x = o + 7, -x - 1 = 3*o + 4*x. Let f(v) = 18*v**2 + v - 4. Let j be f(o). Let b be 1*(1*-1 - -24). Calculate the highest common factor of b and j.
23
Let c be 10/(-25) + 262/5. Calculate the highest common divisor of c and 286.
26
Let t = -33 + 114. Let j be 6/15 + 138/30. Suppose -j*m + 39 = -6. What is the highest common factor of t and m?
9
Let i = -9634 + 9887. Let g(n) = 4*n + 3. Let m be g(5). What is the highest common divisor of m and i?
23
Let v = 402 + -136. Let r = 314 + -276. What is the highest common divisor of v and r?
38
Suppose -4*p - 8 = -6*p, 2*g + 4*p - 146 = 0. Calculate the greatest common divisor of g and 52.
13
Let v(t) = t**3 - 2*t**2 - 4*t. Let m be v(3). Let h be 18*(6/(-4))/m. Let p(j) = 28*j**3 - j. Let g be p(1). Calculate the greatest common factor of h and g.
9
Let h be 1*-10*(-15)/2. Suppose 5*s - 14 - 10 = 3*d, 3*d - 3 = -4*s. Let c be -1*d*(7 - 2). What is the highest common divisor of h and c?
15
Let v = 275 - 105. What is the highest common factor of v and 51?
17
Let x be 3/(-7) - (-6)/(-126)*-177. Let o = 3 - 0. Suppose 3*g - 5*d = 2*g + 57, 0 = -o*g - 5*d + 231. What is the highest common factor of x and g?
8
Let m be ((-2)/6)/(10/(-750)). Suppose 0 = 5*g - 4*h - m, 4 = 2*g - 2*h - 4. Calculate the highest common factor of g and 3.
3
Let r be 9/2*(-3)/(36/8). Let s(h) = -71*h - 28. Let g be s(r). What is the greatest common divisor of g and 37?
37
Let b be 2/(-5) + (-144)/15. Let m(w) = -19*w**3 - 2*w + 2. Let k be m(1). Let h = b - k. What is the greatest common factor of 18 and h?
9
Let f = 1026 + -1020. Calculate the highest common divisor of f and 51.
3
Suppose 0 = -13*t + 8*t + 85. Let b = -45 + 62. Calculate the highest common divisor of b and t.
17
Suppose -799 - 29 = -2*v - 4*s, -2000 = -5*v + 4*s. What is the greatest common factor of 8 and v?
4
Let c = -77 + 78. Let r(d) = 34*d**2 + d + 1. Let u be r(c). Calculate the greatest common divisor of 108 and u.
36
Suppose 0 = -37*z + 11*z + 2340. Suppose v - 78 = 3*v. Let c = -21 - v. Calculate the highest common factor of z and c.
18
Suppose 0*r + 5*b + 465 = 5*r, 4*b = -3*r + 293. What is the greatest common factor of r and 323?
19
Let u(z) = -4*z - 9. Let h be u(-4). Let s be 13/((h/(-2))/(-7)). Calculate the highest common factor of s and 13.
13
Suppose -2*b + b = -14. Let n = 120 + -85. What is the greatest common factor of b and n?
7
Let s be (-4)/(-22) + (-2397)/(-187). Calculate the highest common divisor of 52 and s.
13
Let v(d) = -99*d - 1. Let z be v(-1). Suppose p - 29 = -5*o, -2*p + 19*o = 16*o - 19. What is the greatest common divisor of z and p?
14
Let d = 31 - 9. Let c be (-1 + 2)*(-34 + 111). What is the greatest common factor of d and c?
11
Let w = 3329 - 2657. What is the highest common divisor of 60 and w?
12
Let g = 45 + -17. Suppose 5*u - g = -4*n, -5*n = -4*n - 2. Calculate the highest common divisor of 4 and u.
4
Suppose 2*o = 97*r - 98*r + 17, 3*r = 4*o + 41. Suppose 3*z - 57 = 78. Calculate the highest common factor of z and r.
15
Let o = -341 - -353. What is the highest common divisor of 276 and o?
12
Let w = 6 + 2. Suppose -4*a - 55 = -5*n, -4*n + 63 - w = -a. Suppose 0 = -z + 195 - 135. What is the highest common divisor of n and z?
15
Suppose 4*q + 5*x = -146, -3*x = -4*q + x - 128. Let f = 44 + q. Suppose -5*w = 2*u - 35, 4*w - 10 = -5*u + 35. What is the greatest common factor of u and f?
5
Let p = -604 + 1344. Calculate the highest common divisor of 10 and p.
10
Let q(c) = 2*c**3 - 24*c**2 + c + 11. Let i be q(12). Let y be (2 + -1)/(1/11). Let m = i - y. What is the highest common factor of m and 2?
2
Let l = 472 - 100. What is the highest common factor of 310 and l?
62
Suppose -14*d - 70 = -24*d. Suppose -4*a + 86 = 3*b - 5*b, -5 = 5*b. What is the greatest common factor of d and a?
7
Let k(y) = -15*y + 12. Let z be k(4). Let f = 57 + z. Calculate the greatest common factor of 3 and f.
3
Let h = 35 + -20. Let m = -72 + 73. Let c be m/(-12)*4 + (-361)/(-3). What is the greatest common factor of h and c?
15
Let l be 1/4 - (-330)/24. Let g = l - -231. What is the highest common divisor of g and 35?
35
Let x be -3 + (0/5 - -17). Calculate the greatest common factor of 434 and x.
14
Let z(l) be the first derivative of l**2/2 + l + 4. Let y(t) = -6*t**3 + 2*t + 1. Let w be y(-1). Let p be z(w). What is the highest common divisor of 12 and p?
6
Let p be 2/12*-3*-12. Let z(n) = 4*n - 6. Let o be z(p). Let j be o/(-12) - (-38)/4. What is the highest common factor of 4 and j?
4
Let f(m) = -4*m**3 - 2*m**2 - 5*m + 3. Let h be (93/(-15) + 5)/((-2)/(-5)). Let p be f(h). What is the highest common divisor of 27 and p?
27
Let w(z) = 31*z - 131. Let h be w(6). Calculate the greatest common divisor of 10 and h.
5
Let i = 0 - -2. Let c(n) = -13*n - 104. Let g be c(-8). Suppose j + i*j - 12 = g. What is the greatest common factor of 16 and j?
4
Let b(v) = 3*v**2 - 70*v + 103. Let k be b(23). Calculate the highest common factor of 32 and k.
16
Let u be 6*(1/(-9) + 3)*-6. Let j = 160 + u. Calculate the highest common factor of j and 7.
7
Let q be (-18)/4 + 8/(-16). Let v(h) = h**2 + 4*h + 5. Let y be v(q). Suppose 0 = -5*k - 5*j + y, 13 = -3*j + 4. What is the highest common divisor of k and 1?
1
Suppose -2*v - 37 = -105. Let m = -24 + v. Calculate the greatest common factor of m and 70.
10
Let y(u) = -88*u + 341 + 289 - u**2 + 79*u. Let k be y(0). What is the highest common divisor of k and 70?
70
Let n = -26 - -116. Let h = n - 87. What is the greatest common divisor of 3 and h?
3
Let p = -50 - -62. Suppose -3*k + 12 = -4*x, 2*k - 3*k + x = -4. Suppose k*g = -z + p, -5*z = -2*z + 5*g - 22. Calculate the greatest common divisor of 4 and z.
4
Let i(u) = 134*u + 1. Let w be i(1). Let f = 15 - 10. Let p be f + 8/(-2) + 14. What is the greatest common factor of w and p?
15
Suppose -486*m + 18 = -485*m. Calculate the greatest common divisor of 144 and m.
18
Let i = 37 - 9. Let b(j) = j**2 + 8*j - 5. Let q be b(-9). What is the greatest common factor of i and q?
4
Let g(q) = 4*q**2 - 2*q. Let h be g(-7). Suppose -h = -9*p + 6*p. What is the highest common divisor of p and 14?
14
Let j(z) be the second derivative of 0 - 2*z**2 + 1/2*z**3 + z. Let o be j(6). What is the greatest common factor of 21 and o?
7
Let r be (46/6)/(4/48). Let d be (r/6)/(8/(-12)). Let c = -12 - d. What is the highest common divisor of c and 22?
11
Suppose 0 = 8*a - 19*a + 396. What is the greatest common factor of 468 and a?
36
Suppose -5*f - 96 = -2131. Suppose -5*d - f = -2*g, 0 = -4*d + 4*g - 365 + 37. Let q = 158 + d. Calculate the highest common divisor of q and 7.
7
Suppose -4*c + 7 + 9 = 0. Let t(w) = -w + 25. Let v be t(9). Calculate the greatest common factor of v and c.
4
Let z be 1/(-2) + (-562)/(-4). Let q = -65 - -173. Let o = q - 80. Calculate the highest common divisor of o and z.
28
Let o = 698 + -346. Suppose -t + 23*u - 19*u + 12 = 0, 0 = -2*t + 3*u + 49. Calculate the highest common divisor of t and o.
32
Suppose 3*z + 4 - 26 = 2*u, -2*z = -5*u - 33. Suppose z*m - 7*m = -33. What is the greatest common factor of 11 and m?
11
Let g be 4*(3 - (-63)/(-12)). Let d be (-6)/g - (-28)/3. Let m = 84 + 6. Calculate the greatest common factor of m and d.
10
Let o(j) = j**2 - 4*j + 58. Let f be o(6). What is the highest common divisor of 224 and f?
14
Let m be (0 - -3) + -7 + -15. Let b = m + 32. What is the highest common factor of 52 and b?
13
Let k(i) = 11*i**2 + 8*i - 19. Let s be k(-6). What is the highest common divisor of s and 7?
7
Let n = 300 + -286. What is the highest common divisor of n and 154?
14
Suppose -3*p + 1100 = -5*n, -3*p + 2*p = -3*n - 372. What is the greatest common divisor of p and 270?
90
Let y(f) = 28*f + 35 - f**2 - 38*f - 13. Let m be y(-8). What is the highest common factor of m and 114?
38
Suppose -55*s = -69*s + 812. Calculate the highest common divisor of 551 and s.
29
Suppose 2*t = -3*t + 65. Suppose 0 = -3